{"id":22,"date":"2020-07-16T11:38:20","date_gmt":"2020-07-16T11:38:20","guid":{"rendered":"http:\/\/kehop.nyxweb.pw\/?page_id=22"},"modified":"2021-11-02T16:48:04","modified_gmt":"2021-11-02T14:48:04","slug":"szemleletformalas","status":"publish","type":"page","link":"https:\/\/demojfsz.fenyszaru.hu\/aloldal_eu_2020\/web\/szemleletformalas\/","title":{"rendered":"Szeml\u00e9letform\u00e1l\u00e1s"},"content":{"rendered":"\r\n<p>A szeml\u00e9letform\u00e1l\u00e1si programok t\u00f6bb tev\u00e9kenys\u00e9get foglalnak magukba.<\/p>\r\n<ol class=\"ol1\">\r\n<li style=\"list-style-type: none;\">\r\n<ol class=\"ol2\">\r\n<li class=\"li1\" style=\"text-align: left;\"><b>Int\u00e9zm\u00e9nyi, telep\u00fcl\u00e9si illetve t\u00f6bb telep\u00fcl\u00e9sen \u00e1t\u00edvel\u0151, interakt\u00edv tematikus szeml\u00e9letform\u00e1l\u00e1si programsorozatok szervez\u00e9se \u00e9s lebonyol\u00edt\u00e1sa<\/b><\/li>\r\n<\/ol>\r\n<\/li>\r\n<\/ol>\r\n<p class=\"p4\">A programban r\u00e9szt vev\u0151k eset\u00e9ben az kl\u00edmatudatoss\u00e1gra val\u00f3 k\u00e9sztet\u00e9s er\u0151s\u00f6dik, a felm\u00e9rik saj\u00e1t k\u00f6rnyezetv\u00e9delmi szok\u00e1saikat, majd helyzet\u00fcknek megfelel\u0151en kis l\u00e9pt\u00e9k\u0171 v\u00e1ltoztat\u00e1sokat hajtanak v\u00e9gre.<\/p>\r\n<p class=\"p1\">Workshopok ker\u00fclnak megrendez\u00e9sre az al\u00e1bbiak szerint, k\u00fcl\u00f6nb\u00f6z\u0151 c\u00e9lcsoportok r\u00e9sz\u00e9re, melyet a telep\u00fcl\u00e9sen k\u00edv\u00fcl a t\u00e9rs\u00e9gben l\u00e9v\u0151 telep\u00fcl\u00e9sek k\u00f6r\u00e9ben is nyitott:<\/p>\r\n<p class=\"p6\">A t\u00e9rs\u00e9g telep\u00fcl\u00e9si \u00f6nkorm\u00e1nyzatainak a t\u00e9m\u00e1ban \u00e9rintett\/deleg\u00e1lt dolgoz\u00f3i r\u00e9sz\u00e9re workshop, melynek c\u00e9lja<\/p>\r\n<ul class=\"ul1\">\r\n<li class=\"li4\">a kl\u00edmav\u00e1ltoz\u00e1ssal kapcsolatos \u00f6sszef\u00fcgg\u00e9sek \u00e9s probl\u00e9m\u00e1k felismertet\u00e9se, \u00e9rz\u00e9keny\u00edt\u00e9s,<\/li>\r\n<li class=\"li4\">az ezeket a hat\u00e1sokat cs\u00f6kkent\u0151 megold\u00e1sok felt\u00e1r\u00e1sa \u00e9s az \u00f6nkorm\u00e1nyzat r\u00e9sz\u00e9re a j\u00f3\u0301 gyakorlatok megismertet\u00e9se,<\/li>\r\n<li class=\"li4\">a kl\u00edmav\u00e1ltoz\u00e1shoz cs\u00f6kkent\u0151 alkalmazkod\u00e1ssal kapcsolatos tud\u00e1smegoszt\u00e1s, tapasztalatcsere, egy\u00e9ni megold\u00e1sok \u00e9s saj\u00e1t \u00f6tletek megbesz\u00e9l\u00e9se, gyakorlatba val\u00f3\u0301 \u00e1t\u00fcltet\u00e9se.<\/li>\r\n<li class=\"li4\">a kl\u00edmastrat\u00e9gia m\u00f3dszertan\u00e1nak ismertet\u00e9se, ig\u00e9nyek felm\u00e9r\u00e9se.<\/li>\r\n<\/ul>\r\n<p>&nbsp;<\/p>\r\n<p class=\"p4\">A p\u00e1ly\u00e1z\u00f3 telep\u00fcl\u00e9s lakoss\u00e1ga r\u00e9sz\u00e9re gyakorlatorient\u00e1lt el\u0151ad\u00e1s szervez\u00e9se, melynek c\u00e9lja:<\/p>\r\n<ul class=\"ul1\">\r\n<li class=\"li4\">a kl\u00edmav\u00e1ltoz\u00e1ssal kapcsolatos \u00f6sszef\u00fcgg\u00e9sek \u00e9s probl\u00e9m\u00e1k felismertet\u00e9se, \u00e9rz\u00e9keny\u00edt\u00e9s,<\/li>\r\n<li class=\"li4\">az energiahat\u00e9konys\u00e1g n\u00f6vel\u00e9se \u00e9rdek\u00e9ben csal\u00e1dok r\u00e9sz\u00e9re egyszer\u0171en megval\u00f3s\u00edthat\u00f3 energiahat\u00e9konys\u00e1got n\u00f6vel\u0151 h\u00e1zi praktik\u00e1k bemutat\u00e1sa\/elsaj\u00e1t\u00edt\u00e1sa.<\/li>\r\n<\/ul>\r\n<p>&nbsp;<\/p>\r\n<p class=\"p6\">A t\u00e9rs\u00e9g telep\u00fcl\u00e9si oktat\u00e1si int\u00e9zm\u00e9nyek (\u00f3voda, \u00e1ltal\u00e1nos iskola, k\u00f6z\u00e9piskola tan\u00e1rai\/oktat\u00f3i, pedag\u00f3gusai r\u00e9sz\u00e9re workshop, melynek c\u00e9lja:<\/p>\r\n<ul class=\"ul1\">\r\n<li class=\"li4\">a kl\u00edmav\u00e1ltoz\u00e1ssal kapcsolatos \u00f6sszef\u00fcgg\u00e9sek \u00e9s probl\u00e9m\u00e1k felismertet\u00e9se, kiemelve a k\u00f6rnyezeti szeml\u00e9letform\u00e1l\u00e1s fontoss\u00e1g\u00e1t a tanul\u00f3k\/gyerekek k\u00f6r\u00e9ben, \u00e9rz\u00e9keny\u00edt\u00e9s<\/li>\r\n<li class=\"li4\">a kl\u00edmav\u00e1ltoz\u00e1shoz t\u00f6rt\u00e9n\u0151 alkalmazkod\u00e1st el\u0151seg\u00edt\u0151 tanul\u00f3k sz\u00e1m\u00e1ra t\u00f6rt\u00e9n\u0151 k\u00f6rnyezeti szeml\u00e9let form\u00e1l\u00e1si m\u00f3dszertani tud\u00e1smegoszt\u00e1s, tapasztalatcsere, egy\u00e9ni megold\u00e1sok \u00e9s saj\u00e1t \u00f6tletek megbesz\u00e9l\u00e9se, gyakorlatba val\u00f3\u0301 \u00e1t\u00fcltet\u00e9se, j\u00f3gyakorlatok megoszt\u00e1sa.<\/li>\r\n<\/ul>\r\n<p>&nbsp;<\/p>\r\n<p class=\"p6\">A t\u00e9rs\u00e9g k\u00f6rnyezeti szeml\u00e9letform\u00e1l\u00e1ssal, energiahat\u00e9konys\u00e1ggal, k\u00f6rnyezetv\u00e9delemmel foglalkoz\u00f3 civil szervezetei sz\u00e1m\u00e1ra workshop az al\u00e1bbi c\u00e9lokkal:<\/p>\r\n<ul class=\"ul1\">\r\n<li class=\"li4\">a kl\u00edmav\u00e1ltoz\u00e1ssal kapcsolatos \u00f6sszef\u00fcgg\u00e9sek \u00e9s probl\u00e9m\u00e1k felismertet\u00e9se, kiemelve a k\u00f6rnyezeti szeml\u00e9letform\u00e1l\u00e1s fontoss\u00e1g\u00e1t a feln\u0151tt lakoss\u00e1g k\u00f6r\u00e9ben, \u00e9rz\u00e9keny\u00edt\u00e9s<\/li>\r\n<li class=\"li4\">a kl\u00edmav\u00e1ltoz\u00e1shoz t\u00f6rt\u00e9n\u0151 alkalmazkod\u00e1st el\u0151seg\u00edt\u0151 feln\u0151tt lakoss\u00e1g sz\u00e1m\u00e1ra t\u00f6rt\u00e9n\u0151 k\u00f6rnyezeti szeml\u00e9let form\u00e1l\u00e1si m\u00f3dszertani tud\u00e1smegoszt\u00e1s, tapasztalatcsere, egy\u00e9ni megold\u00e1sok \u00e9s saj\u00e1t \u00f6tletek megbesz\u00e9l\u00e9se, gyakorlatba val\u00f3\u0301 \u00e1t\u00fcltet\u00e9se, j\u00f3gyakorlatok megoszt\u00e1sa.<\/li>\r\n<\/ul>\r\n<p>&nbsp;<\/p>\r\n<p class=\"p6\">A t\u00e9rs\u00e9g v\u00e1llalkoz\u00e1sainak vezet\u0151i \u00e9s\/vagy a t\u00e9m\u00e1ban \u00e9rintett\/deleg\u00e1lt dolgoz\u00f3i r\u00e9sz\u00e9re workshop a k\u00f6vetkez\u0151 c\u00e9lokkal:<\/p>\r\n<ul class=\"ul1\">\r\n<li class=\"li4\">a kl\u00edmav\u00e1ltoz\u00e1ssal kapcsolatos \u00f6sszef\u00fcgg\u00e9sek \u00e9s probl\u00e9m\u00e1k felismertet\u00e9se, \u00e9rz\u00e9keny\u00edt\u00e9s,<\/li>\r\n<li class=\"li4\">a v\u00e1llalkoz\u00e1sok szerepe\/lehet\u0151s\u00e9ge egy helyi kl\u00edmastrat\u00e9gia megalkot\u00e1sa k\u00f6r\u00e9ben (telephelyfejleszt\u00e9s, z\u00f6ldmarketing stb.)<\/li>\r\n<li class=\"li4\">a kl\u00edmav\u00e1ltoz\u00e1s cs\u00f6kkent\u00e9s\u00e9vel kapcsolatos tud\u00e1smegoszt\u00e1s, tapasztalatcsere, egy\u00e9ni megold\u00e1sok \u00e9s saj\u00e1t \u00f6tletek megbesz\u00e9l\u00e9se, gyakorlatba val\u00f3\u0301 \u00e1t\u00fcltet\u00e9se.<\/li>\r\n<li class=\"li4\">a kl\u00edmastrat\u00e9gia m\u00f3dszertan\u00e1nak ismertet\u00e9se, ig\u00e9nyek felm\u00e9r\u00e9se.<\/li>\r\n<\/ul>\r\n<p>&nbsp;<\/p>\r\n<ol class=\"ol1\">\r\n<li style=\"list-style-type: none;\">\r\n<ol class=\"ol2\" start=\"2\">\r\n<li class=\"li6\"><b>Telep\u00fcl\u00e9si figyelemfelh\u00edv\u00f3 akci\u00f3k megval\u00f3s\u00edt\u00e1sa<\/b><\/li>\r\n<\/ol>\r\n<\/li>\r\n<\/ol>\r\n<p class=\"p6\">A rendezv\u00e9nyek programjai keret\u00e9ben fel\u00e1ll\u00edtott standok a kl\u00edmatudatoss\u00e1g, a meg\u00fajul\u00f3 energia k\u00e9rd\u00e9sk\u00f6rben tov\u00e1bb\u00edtanak \u00fczenetet. A standokn\u00e1l \u00e9rdekl\u0151d\u0151k kl\u00edmatudatoss\u00e1got eredm\u00e9nyez\u0151 viselked\u00e9sform\u00e1kkal ismerkedhetnek meg, illetve felm\u00e9rik saj\u00e1t szok\u00e1saikat, majd helyzet\u00fcknek megfelel\u0151en kis l\u00e9pt\u00e9k\u0171 v\u00e1ltoztat\u00e1sokat, vagy \u00e9p\u00fcletenergetikai beruh\u00e1z\u00e1sokat hajtanak v\u00e9gre. A projektgazda \u00e1ltal (\u00f6nkorm\u00e1nyzatok) k\u00e9pviselt standon a t\u00e9m\u00e1hoz szorosan kapcsol\u00f3d\u00f3 programmal, bemutat\u00f3 elemekkel, a t\u00e9m\u00e1hoz kapcsol\u00f3d\u00f3 ismertet\u0151vel, sz\u00f3r\u00f3anyaggal, teszt kit\u00f6lt\u00e9s\u00e9vel v\u00e1rja a l\u00e1togat\u00f3kat.<\/p>\r\n<p>&nbsp;<\/p>\r\n<ol class=\"ol1\">\r\n<li style=\"list-style-type: none;\">\r\n<ol class=\"ol2\">\r\n<li class=\"li6\"><b>Helyi szerepl\u0151k szeml\u00e9letform\u00e1l\u00e1sa, ennek keret\u00e9ben: t\u00e1j\u00e9koztat\u00f3 el\u0151ad\u00e1sok\/workshopok\/f\u00f3rumok szervez\u00e9se \u00e9s lebonyol\u00edt\u00e1sa a projektben \u00e9rintett int\u00e9zm\u00e9nyek munkav\u00e1llal\u00f3i sz\u00e1m\u00e1ra<\/b><\/li>\r\n<\/ol>\r\n<\/li>\r\n<\/ol>\r\n<p class=\"p6\">2 db konferencia ker\u00fcl megrendez\u00e9sre a t\u00e9mak\u00f6rben, illetve megalakul a t\u00e9rs\u00e9gi\/telep\u00fcl\u00e9si \u00c9ghajlatv\u00e1ltoz\u00e1s kerekasztal (platform)<\/p>\r\n<ul class=\"ul1\">\r\n<li class=\"li4\">a kl\u00edmav\u00e1ltoz\u00e1s Magyarorsz\u00e1gon v\u00e1rhat\u00f3 hat\u00e1sainak bemutat\u00e1sa, k\u00fcl\u00f6n\u00f6s tekintettel <span class=\"s3\">Baj \u00e9s V\u00e9rtessz\u0151l\u0151s<\/span> t\u00e9rs\u00e9g\u00e9re,<\/li>\r\n<li class=\"li4\">a kl\u00edmav\u00e1ltoz\u00e1sra hat\u00e1ssal l\u00e9v\u0151 emberi tev\u00e9kenys\u00e9gek bemutat\u00e1sa,<\/li>\r\n<li class=\"li4\">olyan lakoss\u00e1gi aktivit\u00e1sra, cselekv\u00e9sre \u00e9p\u00fcl\u0151 gyakorlatorient\u00e1lt alternat\u00edv\u00e1k bemutat\u00e1sa, amely a kl\u00edmav\u00e1ltoz\u00e1s hat\u00e1sainak m\u00e9rs\u00e9kl\u00e9s\u00e9t seg\u00edti el\u0151 (komposzt\u00e1l\u00e1s, es\u0151v\u00edzgy\u0171jt\u00e9s, sz\u00fcrkev\u00edz-felhaszn\u00e1l\u00e1s stb.),<\/li>\r\n<li class=\"li4\">kl\u00edmaadapt\u00e1ci\u00f3s ismeretek \u00e1tad\u00e1sa, alkalmazkod\u00e1si strat\u00e9gi\u00e1k bemutat\u00e1sa.<\/li>\r\n<\/ul>\r\n","protected":false},"excerpt":{"rendered":"<p>A szeml\u00e9letform\u00e1l\u00e1si programok t\u00f6bb tev\u00e9kenys\u00e9get foglalnak magukba. Int\u00e9zm\u00e9nyi, telep\u00fcl\u00e9si illetve t\u00f6bb telep\u00fcl\u00e9sen \u00e1t\u00edvel\u0151, interakt\u00edv tematikus szeml\u00e9letform\u00e1l\u00e1si programsorozatok szervez\u00e9se \u00e9s lebonyol\u00edt\u00e1sa A programban r\u00e9szt vev\u0151k eset\u00e9ben az kl\u00edmatudatoss\u00e1gra val\u00f3 k\u00e9sztet\u00e9s er\u0151s\u00f6dik, a felm\u00e9rik saj\u00e1t k\u00f6rnyezetv\u00e9delmi szok\u00e1saikat, majd helyzet\u00fcknek megfelel\u0151en kis l\u00e9pt\u00e9k\u0171 v\u00e1ltoztat\u00e1sokat hajtanak v\u00e9gre. Workshopok ker\u00fclnak megrendez\u00e9sre az al\u00e1bbiak szerint, k\u00fcl\u00f6nb\u00f6z\u0151 c\u00e9lcsoportok r\u00e9sz\u00e9re, melyet a telep\u00fcl\u00e9sen &hellip; <a href=\"https:\/\/demojfsz.fenyszaru.hu\/aloldal_eu_2020\/web\/szemleletformalas\/\">Continued<\/a><\/p>\n","protected":false},"author":1,"featured_media":0,"parent":0,"menu_order":0,"comment_status":"closed","ping_status":"closed","template":"views\/template-awareness.blade.php","meta":[],"_links":{"self":[{"href":"https:\/\/demojfsz.fenyszaru.hu\/aloldal_eu_2020\/web\/wp-json\/wp\/v2\/pages\/22"}],"collection":[{"href":"https:\/\/demojfsz.fenyszaru.hu\/aloldal_eu_2020\/web\/wp-json\/wp\/v2\/pages"}],"about":[{"href":"https:\/\/demojfsz.fenyszaru.hu\/aloldal_eu_2020\/web\/wp-json\/wp\/v2\/types\/page"}],"author":[{"embeddable":true,"href":"https:\/\/demojfsz.fenyszaru.hu\/aloldal_eu_2020\/web\/wp-json\/wp\/v2\/users\/1"}],"replies":[{"embeddable":true,"href":"https:\/\/demojfsz.fenyszaru.hu\/aloldal_eu_2020\/web\/wp-json\/wp\/v2\/comments?post=22"}],"version-history":[{"count":3,"href":"https:\/\/demojfsz.fenyszaru.hu\/aloldal_eu_2020\/web\/wp-json\/wp\/v2\/pages\/22\/revisions"}],"predecessor-version":[{"id":418,"href":"https:\/\/demojfsz.fenyszaru.hu\/aloldal_eu_2020\/web\/wp-json\/wp\/v2\/pages\/22\/revisions\/418"}],"wp:attachment":[{"href":"https:\/\/demojfsz.fenyszaru.hu\/aloldal_eu_2020\/web\/wp-json\/wp\/v2\/media?parent=22"}],"curies":[{"name":"wp","href":"https:\/\/api.w.org\/{rel}","templated":true}]}}